. Suppose -13*v = -8*v - i. What is the tens digit of v?
7
Let n(h) = 27*h + 73. What is the hundreds digit of n(4)?
1
Let p = 20 - 13. Let a = p - 3. Suppose -3*v + 4 = 3*b - 4*v, 0 = -b + 3*v + a. What is the units digit of b?
1
Suppose 0 = -2*b - 3*b + 2*t + 1714, -5*b + 4*t = -1718. What is the hundreds digit of b?
3
Suppose 0 = -3*k - 5*q + 4*q + 2550, -4*k = -q - 3400. What is the hundreds digit of k?
8
Suppose 5*d + t = 17123, 76*d - 73*d - 10266 = 2*t. What is the tens digit of d?
2
Suppose 2*v = -537 + 3501. What is the thousands digit of v?
1
Suppose -3*o = -j + 521, 2*j + 2549 = 7*j - o. What is the hundreds digit of j?
5
Suppose -11*h = -9*h + 884. Let x = -259 - h. What is the tens digit of x?
8
Let f = 11072 + -7463. What is the thousands digit of f?
3
Suppose f - 4 + 2 = 0. Let m(u) = -8*u + 0*u + 2*u**2 + 4 + f*u. What is the tens digit of m(6)?
4
Let p = -17 - -11. Let a = 23 - p. What is the tens digit of (a/4)/((-1)/(-4))?
2
Suppose 0 = 69*r - 75412 - 70040. What is the thousands digit of r?
2
Suppose -4*c + a = 3, 0*a + a = 3. Suppose -4*k + 9*k = 2*j + 208, c = -2*j - 8. Suppose k = -0*b + 4*b. What is the units digit of b?
0
Suppose 0 = 2*o + 2*g - 2120, g - 3138 = -4*o + 1087. What is the units digit of o?
5
Suppose -5*f - 19 = -z - 2*z, 2*z - 16 = 5*f. Suppose -z*h + 4*l = -11, l - 6*l = 10. What is the units digit of h?
1
Let t = -95 - -159. Suppose 0 = 3*w - 38 - t. What is the units digit of w?
4
Let j(p) = p**2 + 11*p + 7. Let l be j(-8). Let c = l + 22. What is the units digit of c?
5
Suppose 13 = 3*m - 2. Suppose 0 = d - 4*v - 30, m*d - 123 = 5*v + 87. Suppose -d = t - 3*t. What is the tens digit of t?
2
Suppose -12 = 3*i, 28 = -2*g + 6*i - 10*i. What is the units digit of 7/(-42)*-4 + (-1172)/g?
6
Suppose 6105 + 7971 = 17*x. What is the units digit of x?
8
Let z(c) = -27*c + 191. What is the hundreds digit of z(-7)?
3
Suppose 5*v - 4 = v. Let s(y) = 19*y**3 + 2*y**2 + 2*y - 3. What is the units digit of s(v)?
0
Let x be 10*((-5)/2)/(-5). Suppose 4*u + x = 3*f, 4*f - 37 = f - 4*u. Suppose -c = -f*c + 102. What is the tens digit of c?
1
Suppose 13*l - 11*l = 262. Suppose -12*n = -11*n - l. What is the hundreds digit of n?
1
Suppose -4*i + 3*i + 6 = 0. Let p(r) = r + 0*r - 101 - 94 + 197. What is the units digit of p(i)?
8
Let z be (-1)/5 + 4528/40. Suppose -7*p + 216 = -z. What is the tens digit of p?
4
Let c = -356 + 505. What is the tens digit of c?
4
Suppose 4*z + 5*o - 6991 = 0, 0 = -111*z + 114*z - o - 5267. What is the hundreds digit of z?
7
Suppose -4*x - 37 - 55 = 0. Let s = -3 - x. Suppose 18*l - s*l = -74. What is the units digit of l?
7
Suppose 4*j + 159 - 43 = -v, 4*j + 5*v = -116. Let s = -3 - j. What is the units digit of -1 + 3 + 0 + s?
8
Let p(l) = -83*l - 1. Suppose -3*r - 11 = 2*y, -5*r - 5*y = -r + 24. What is the tens digit of p(r)?
8
Suppose 13837 = 48*o - 5555. What is the hundreds digit of o?
4
Suppose -10*h + 91*h = 96390. What is the hundreds digit of h?
1
Let y be (-1 + 1/(-2))*(-168)/63. Suppose -15 = -w - j - y, -2*w + 18 = 3*j. What is the units digit of w?
5
Let b = -74 + 86. Let t(x) = x**2 - 3*x - 10. What is the tens digit of t(b)?
9
Let g(s) = -s**3 + 14*s**2 - 11*s - 17. Let k be g(13). What is the tens digit of (-2)/(-4)*k*22?
9
Let w be 49*(12/18 - (-5)/(-3)). What is the tens digit of 3/(-3) - 0 - (w + -7)?
5
Let o(z) be the second derivative of -5/6*z**3 - 3*z + 0 - 1/12*z**4 + 1/2*z**2. What is the units digit of o(-4)?
5
Let a = 659 + -101. What is the tens digit of a?
5
Let w(y) = 25*y - 54. What is the units digit of w(7)?
1
Let q(x) = 5*x**2 + x - 2. Let w(p) = 5*p**2 + p - 1. Let c(g) = 4*q(g) - 5*w(g). Let s be c(-4). What is the units digit of s/(-2) - 1/2?
9
Let b be (-4 + 1)*11/(-3). Suppose -168 - 525 = -b*f. What is the tens digit of f?
6
Let z = 19 - -18. Let a = 200 - 215. Let i = a + z. What is the units digit of i?
2
Let j be (3 + -6 - 1112) + 1. Let x = -508 - j. What is the tens digit of 2/(-8) + x/24?
2
Suppose 0 = -9*r - 1269 + 4041. What is the hundreds digit of r?
3
Let l(z) = 6 + 5*z + 2*z**2 + 3*z**2 - 3*z**2 - 3. What is the units digit of l(-6)?
5
Suppose 2*k = -k + 9. Suppose 5*m + 4*c - 55 = c, 2*m + 2*c = 18. Suppose m = o + k. What is the units digit of o?
1
Suppose 3*p + 3*k = 1558 + 386, 4*p - 5*k = 2565. Suppose p = 4*l + 241. What is the units digit of l?
1
Let l be 1 + 18 - (4 - 1). Suppose 11 - 5 = -u - 5*a, -2*u + l = 3*a. What is the tens digit of u?
1
What is the units digit of 33/(-9)*3 + 948?
7
Suppose 5*y = 10*y. Suppose 4*v + 8 = y, p - 3*v - 110 = -5*v. Suppose p = z + z. What is the units digit of z?
7
Let x(m) = 2*m**2 - 3*m - 2. Let o be x(-3). Let v be o + (-6)/(-3) + -1. Suppose -6 = 5*c - v. What is the units digit of c?
4
Let f(u) = 8*u - 82. What is the units digit of f(11)?
6
What is the hundreds digit of (-90)/(-12)*2*142?
1
Suppose 16 = 5*x + 1. Suppose -14 = -i - 0*i - 4*t, x*i = -2*t + 12. Suppose -a = -9 - i. What is the units digit of a?
1
Suppose -2*s - 4*r - 6 = 0, 4*s - r - 4 = 11. Suppose 0 = -s*y - 0*y + a + 213, 2*y = -2*a + 150. What is the tens digit of y?
7
Let s(l) = 3*l**2 - 19*l - 46. What is the tens digit of s(-13)?
0
What is the tens digit of (-21993)/(-9) - (-18)/(-27)?
4
Let r = 18 - 33. Let o = -8 - r. Suppose -o*b + 104 = -3*b. What is the tens digit of b?
2
Let u = 1052 - -1124. What is the thousands digit of u?
2
Let t(g) = 9*g**2 - g. Let m be t(1). Let w(j) = -j**2 - j - 1. Let l be w(0). Let x = m - l. What is the units digit of x?
9
Let u(i) = 38*i + 3. Suppose 5 = -5*t - 3*s, -3*s - 12 - 13 = -5*t. What is the units digit of u(t)?
9
What is the units digit of 8 + -10 + 13 + 1154?
5
Suppose 16 = -2*r + 4*r. Let p be (-380)/16*(r + -4). Let v = -46 - p. What is the tens digit of v?
4
What is the tens digit of 18/((-558)/192 - -1 - -2)?
9
Let j = 15 - -221. What is the hundreds digit of j?
2
Let w(k) = 7*k**2 - 9 - 7 + 15. Let m be w(-1). What is the units digit of (-200)/(-6) - (-4)/m?
4
Suppose -2*w + 10 + 2 = 0. Suppose -w = -3*u + 15. Suppose u*j - 6 - 15 = 0. What is the units digit of j?
3
Let d(b) = -10*b - 2. Suppose -7*m = -16*m - 45. What is the units digit of d(m)?
8
What is the units digit of (((-336)/9)/(-4))/((-46)/(-69))?
4
Let j = 3336 - 1754. What is the tens digit of j?
8
Let t(h) = -7*h**2 + 6*h**3 + 6 + 6*h**3 - 11*h**3. Let d be (-1 - -3)*21/6. What is the units digit of t(d)?
6
Let o be (0*3/(-12))/1. Suppose 10*f - 9*f - 56 = o. What is the tens digit of f?
5
Let n(x) = 21*x**2 - 114*x. What is the hundreds digit of n(7)?
2
Let l(n) = -8*n - 4. Let y be l(-5). Let d = -12 + y. What is the tens digit of d?
2
Suppose -53600 = -88*z + 13632. What is the hundreds digit of z?
7
Let s be 270/14 + 18/(-63). Suppose -h = -s - 14. What is the tens digit of h?
3
Let l be 1/((-1)/(-36)) - 1. Let z be -1 - (-4 + 5) - (-8)/(-2). What is the tens digit of l/1 - z/(-3)?
3
Let i be 4/((-1)/3*3). Let r(s) be the second derivative of -5*s**3/3 - s**2 + 14*s. What is the units digit of r(i)?
8
What is the hundreds digit of (-336)/(-2 - -1) - (10 - 10)?
3
Let k be (-5)/((-4)/(9 - 1)). Let l be (-1)/1*(-970)/k. Let p = l - 57. What is the units digit of p?
0
Let p(m) = -86*m - 14. Let k be p(-9). Suppose q + 7*q = k. What is the tens digit of q?
9
Let y be 234/(-15)*10/(-3). Suppose 2*l - 145 = j - y, -2*l = -4*j - 90. What is the units digit of l?
7
Let q(n) = -n**2 + 24. Let l be q(5). Let k(a) = -13*a**3 - a**2 + a + 1. What is the tens digit of k(l)?
1
What is the units digit of 4 + (-26 - -41)*(-37)/(-3)?
9
Let n = 454 + 3221. What is the tens digit of n?
7
Let q(v) = 330*v - 3. What is the hundreds digit of q(1)?
3
Suppose s - 5 = 2*s + 3*a, -1 = -5*s - 2*a. What is the units digit of s*(-3 - (-4 + -11))?
2
Let q = -20 + 48. Suppose -2*c - 4*k + 32 = 2*c, 0 = -4*c + 5*k + 14. Let o = c + q. What is the units digit of o?
4
Suppose 2*q + 116 = 4*i, -q + 0*q = 5*i + 93. Let f = q - -108. What is the units digit of f?
0
Let t(a) = -8*a - 11. Let h be ((-8)/(-6))/(8/(-12)). Let i be (-4)/1 + 0 + h. What is the tens digit of t(i)?
3
Suppose -2*n = -7*n - 5. Suppose -q = -2*q + 11. Let m = q + n. What is the units digit of m?
0
Let t = 98 + -90. What is the units digit of (t/24 - 23/(-3)) +